10901376?
True
Is 38 a factor of 41810660?
False
Does 47 divide 71665929?
True
Does 39 divide 270334767?
False
Is 54883378 a multiple of 187?
True
Is 14 a factor of 1738058?
True
Is 107258470 a multiple of 516?
False
Is 11808856 a multiple of 4?
True
Does 13 divide 27885452?
False
Does 2569 divide 1185772995?
False
Does 2201 divide 2570924271?
True
Does 182 divide 61706985?
False
Is 155586605 a multiple of 115?
True
Is 4 a factor of 3267193?
False
Does 11 divide 85636851?
False
Is 64 a factor of 5165760?
True
Does 261 divide 4750507734?
False
Is 1016245970 a multiple of 19?
True
Is 29165478 a multiple of 1038?
False
Is 12008110 a multiple of 556?
False
Is 33240224 a multiple of 58?
False
Is 1005392 a multiple of 248?
True
Is 3165 a factor of 1152234075?
True
Is 1162 a factor of 22962282?
True
Does 136 divide 914285160?
True
Does 256 divide 5757184?
True
Is 583102896 a multiple of 266?
False
Is 19120640 a multiple of 836?
False
Is 2531 a factor of 172994230?
False
Does 33 divide 71333856?
True
Is 3610284 a multiple of 5?
False
Is 73354112 a multiple of 1664?
True
Is 2218 a factor of 918347558?
False
Is 725 a factor of 106984625?
True
Is 48 a factor of 103804572?
False
Does 5788 divide 2216804000?
True
Does 272 divide 6682224?
True
Does 649 divide 162946377?
True
Is 6660288 a multiple of 192?
True
Does 7 divide 40530607?
False
Is 5978 a factor of 321953978?
False
Does 7 divide 2354797239?
False
Is 2780219 a multiple of 40?
False
Is 97 a factor of 529685332?
False
Does 1439 divide 33096183?
False
Does 520 divide 49252840?
True
Does 17 divide 50465141?
False
Is 169 a factor of 4926881122?
False
Is 61 a factor of 73477829?
False
Does 102 divide 98805711?
False
Is 87516230 a multiple of 1464?
False
Is 2464206 a multiple of 22?
False
Is 126 a factor of 494661384?
True
Is 30536681 a multiple of 53?
False
Is 32 a factor of 868402641?
False
Is 7 a factor of 1470672863?
False
Is 852268099 a multiple of 233?
True
Does 11 divide 422899506?
False
Is 2082 a factor of 46307844?
True
Is 801034400 a multiple of 10?
True
Is 1246 a factor of 92783236?
False
Is 22 a factor of 152372064?
False
Is 657792072 a multiple of 1316?
True
Is 37011825 a multiple of 1443?
False
Does 138 divide 214082022?
True
Does 703 divide 1013573399?
False
Does 137 divide 78770890?
True
Does 5256 divide 312006672?
True
Is 272236080 a multiple of 120?
True
Is 4935070 a multiple of 261?
False
Is 591080852 a multiple of 1302?
False
Is 165 a factor of 58187537?
False
Is 143181722 a multiple of 116?
False
Is 3 a factor of 16131986?
False
Does 29 divide 72816332?
True
Is 3285 a factor of 449646886?
False
Is 836299892 a multiple of 4029?
False
Is 72 a factor of 464481361?
False
Does 217 divide 254754434?
False
Does 1700 divide 55602521?
False
Is 6928924 even?
True
Does 17 divide 263441981?
False
Does 19 divide 5691434?
False
Is 406 a factor of 345620898?
True
Is 544265267 a multiple of 13?
True
Is 7 a factor of 53486020?
True
Is 17681562 a multiple of 113?
True
Does 65 divide 24989118?
False
Is 1536 a factor of 54211584?
True
Does 7 divide 462244699?
True
Is 26723124 a multiple of 15?
False
Is 12514 a factor of 1393621610?
True
Is 116380055 a multiple of 1938?
False
Does 1812 divide 1311083472?
True
Is 44086707 a multiple of 618?
False
Is 1865643390 a multiple of 1495?
True
Does 405 divide 7063605?
True
Is 18 a factor of 1166890700?
False
Is 651 a factor of 22846218?
False
Is 25 a factor of 1303832244?
False
Does 5 divide 2945921083?
False
Is 5834 a factor of 2476283765?
False
Is 8195304 a multiple of 13?
True
Is 62 a factor of 457844417?
False
Does 2232 divide 511963960?
False
Does 1222 divide 128871982?
False
Is 107715280 a multiple of 29?
True
Is 280 a factor of 63889280?
True
Does 3389 divide 199653675?
False
Is 70081007 a multiple of 10?
False
Is 615036687 a multiple of 3610?
False
Is 230 a factor of 83055990?
True
Is 404984658 a multiple of 26?
True
Does 1031 divide 30364874?
False
Is 18 a factor of 2186684?
False
Is 38938267 a multiple of 272?
False
Does 98 divide 539372400?
True
Does 3 divide 7721313?
True
Is 2713295 a multiple of 70?
False
Is 72 a factor of 2061518120?
False
Is 441 a factor of 131062995?
True
Is 19634824 a multiple of 253?
True
Is 1293 a factor of 441944300?
False
Is 39486955 a multiple of 3?
False
Does 33 divide 23874741?
True
Is 379968 a multiple of 51?
False
Does 71 divide 6706660?
True
Is 11337690 a multiple of 1377?
False
Is 8398955 a multiple of 37?
False
Is 41 a factor of 182200258?
False
Is 39566826 a multiple of 359?
True
Is 1721223795 a multiple of 417?
True
Does 28 divide 7487424?
True
Is 46112811 a multiple of 4?
False
Is 5979953 a multiple of 77?
False
Is 10 a factor of 1603831315?
False
Is 17 a factor of 749403843?
True
Is 923899410 a multiple of 63?
True
Does 64 divide 59456560?
False
Is 491 a factor of 95990009?
True
Is 23337777 a multiple of 1601?
True
Is 133 a factor of 153010921?
False
Is 269 a factor of 28109942?
False
Is 107096094 a multiple of 162?
True
Is 64504090 a multiple of 98?
True
Is 9 a factor of 1016771058?
True
Does 30 divide 109512223?
False
Is 4 a factor of 54145766?
False
Does 10 divide 214984320?
True
Does 398 divide 6004228?
True
Does 248 divide 664408098?
False
Is 8557020596 a multiple of 94?
True
Is 7813775 a multiple of 431?
False
Does 33 divide 19386805?
False
Is 1551864276 a multiple of 3797?
True
Is 31674107 a multiple of 21?
False
Does 360 divide 64867320?
True
Does 339 divide 49569708?
False
Is 1982744 a multiple of 11?
False
Is 139 a factor of 16490404?
True
Is 551 a factor of 628903686?
True
Is 214 a factor of 823629597?
False
Is 9149101 a multiple of 299?
True
Does 2 divide 708925713?
False
Does 19 divide 64761315?
False
Is 24 a factor of 595344?
True
Does 119 divide 121247672?
True
Is 171 a factor of 4422541?
False
Is 2044616 a multiple of 232?
True
Is 352550110 a multiple of 22?
True
Is 32 a factor of 45352928?
True
Is 250 a factor of 2278199750?
True
Is 2162264 a multiple of 17?
True
Does 391 divide 14788736?
False
Does 2 divide 3469014?
True
Does 2697 divide 1573303957?
False
Does 796 divide 36620444?
False
Is 42 a factor of 652990?
False
Is 723 a factor of 46637115?
True
Is 28 a factor of 3355223878?
False
Is 308 a factor of 130077874?
False
Is 48108278 a multiple of 1164?
False
Is 287150185 a multiple of 89?
False
Does 37 divide 653533146?
True
Does 6 divide 7515456?
True
Is 21 a factor of 1789012?
False
Does 2 divide 61912138?
True
Is 17083745 a multiple of 427?
False
Does 21 divide 276640119?
True
Is 540251618 a multiple of 421?
True
Is 24 a factor of 108121942?
False
Does 50 divide 7865100?
True
Is 13347842 a multiple of 68?
False
Is 812848 a multiple of 43?
False
Is 48627471 a multiple of 2458?
False
Is 112896251 a multiple of 931?
False
Is 15850408 a multiple of 133?
True
Is 115834388 a multiple of 32?
False
Is 56 a factor of 3111621063?
False
Does 3747 divide 304792221?
True
Is 51863903 a multiple of 412?
False
Does 243 divide 10872792?
True
Is 2507541 a multiple of 175?
False
Is 1924252344 a multiple of 2173?
True
Is 3994 a factor of 68008881?
False
Is 3 a factor of 45360579?
True
Does 11 divide 7015866?
True
Is 65 a factor of 17722185?
True
Does 159 divide 351932084?
False
Is 1722 a factor of 339700915?
False
Is 166200455 a multiple of 127?
True
Is 33 a factor of 37445628?
True
Does 2181 divide 75560745?
True
Is 156 a factor of 10450062?
False
Does 870 divide 1974030?
True
Does 697 divide 19191653?
False
Is 866257966 a multiple of 14?
True
Is 539 a factor of 41401668?
True
Is 28263719 a multiple of 1189?
True
Is 19 a factor of 12149000?
False
Is 724250310 a multiple of 1204?
False
Is 33499514 a multiple of 346?
False
Does 45 divide 27672231?
False
Is 71082561 a multiple of 107?
True
Is 937349287 a multiple of 19?
True
Is 13 a factor of 1140816635?
False
Does 79 divide 2558940952?
False
Does 44 divide 33571516?
True
Is 1035 a factor of 412808?
False
Is 16 a factor of 3514176?
True
Does 25 divide 12740246?
False
Is 2543204335 a multiple of 39?
False
Is 62 a factor of 23018017?
False
Does 4 divide 53141374?
False
Is 23 a factor of 32250554?
True
Does 7 divide 43356687?
False
Does 35 divide 574954136?
False
Is 10 a factor of 259942760?
True
Is 23 a factor of 10715274?
False
Is 32 a factor of 24796668?
False
